sor of w and 124.
31
Let s(y) = -y + 28. Let b be s(16). What is the greatest common divisor of b and 96?
12
Let x = -4 + 6. Suppose x*c + 11 = -53. Let d = 28 - c. What is the highest common divisor of d and 15?
15
Let b(j) = j**3 + 6*j**2 + 2*j - 3. Let y be b(-5). What is the highest common divisor of 96 and y?
12
Let l be (21 + -2 - 0)*23. Let v = -160 + l. Suppose 2*c = y + v, 3*y - 121 = -c - 0. Calculate the greatest common divisor of 17 and c.
17
Let x = -33 + 55. What is the highest common factor of 11 and x?
11
Suppose 14 = g - 7. Suppose w - g = -0*w. Let h = -8 + 15. Calculate the greatest common factor of w and h.
7
Let m be (-3 + 3 + 0)/1. Suppose 0 = 3*f - 5*g - 693, f + m*f + 5*g - 231 = 0. What is the highest common divisor of 21 and f?
21
Let t(p) = -p**3 + 6*p**2 + 3*p + 2. Suppose 1 = 2*l - 11. Let w be t(l). Let y be 18/4 - 2/(-4). What is the greatest common factor of y and w?
5
Let b be (2 - -3) + (2 - -1). Calculate the highest common divisor of b and 56.
8
Suppose -16 = -b - b. Suppose -5*w - 5*k = -b - 12, 0 = 4*w - 3*k - 23. What is the greatest common factor of w and 25?
5
Let w(k) = -k**3 + 1. Let l be w(-2). Suppose 2*z - l = 3. Let u = z + 6. Calculate the greatest common factor of u and 8.
4
Suppose 8 + 1 = -3*n. Let o be (-1)/3 - 34/n. What is the greatest common divisor of 88 and o?
11
Suppose -a = a. Suppose a = 5*c + 225 - 940. What is the greatest common divisor of c and 13?
13
Let p be (-2)/(-4)*-5*-112. Suppose -4*w + p = w. Calculate the highest common factor of 7 and w.
7
Let m be ((6/(-2))/3)/1. Let b = m - -16. What is the highest common factor of 6 and b?
3
Suppose -p = o - 7, 0 = -5*p + o - 5*o + 30. Suppose -5*k - q + 5 - 4 = 0, p*q = -k - 7. Calculate the greatest common factor of k and 1.
1
Suppose 1 = q - 4*d - 27, 3*d = -4*q + 55. Calculate the greatest common divisor of q and 16.
16
Suppose -3*h = h - 20. Suppose 3*g = 2*z + 20 + 31, h*z + 85 = 5*g. Calculate the greatest common divisor of g and 187.
17
Let h = -11 + 0. Let a = 28 + h. What is the greatest common divisor of 34 and a?
17
Let n = 19 + -35. Let f = n + 26. What is the greatest common factor of 15 and f?
5
Let g = 0 - -1. Let s be 63/(-6)*(g + -3). Let l = -9 + s. What is the highest common divisor of l and 4?
4
Let j(n) = n**3 - 19*n**2 + 7*n - 25. Let l be j(19). Calculate the highest common divisor of l and 36.
36
Let z(w) = w**2 - w - 4. Let a be z(-4). Suppose 4*v - 9 = 3. Let d be 4/(-6) + 74/v. What is the greatest common factor of d and a?
8
Let g = -1 + 12. Suppose 0 = -4*u - u - 635. Let r = u - -237. What is the highest common divisor of r and g?
11
Let r be 9*((-38)/(-6) - 1). Calculate the highest common divisor of r and 48.
48
Let m = 2 + -1. Suppose -b + m = -5*n - 3, b = 3*n + 8. Let k = 138 - -16. What is the greatest common divisor of k and b?
14
Let p = 3 - 1. What is the greatest common factor of 16 and p?
2
Let t(u) = -2*u + 2. Suppose -4*x + j - 2 = 0, -4*x - 2*j + 1 + 3 = 0. Let k be t(x). What is the greatest common divisor of 2 and k?
2
Let p = -68 + 110. Let a = -2 - -1. Let s be a + 17 - (5 + -3). Calculate the highest common factor of s and p.
14
Let n = -72 - -74. What is the greatest common factor of n and 22?
2
Let o = 17 + -38. Let d = 15 + o. Let k = d - -18. What is the greatest common factor of 84 and k?
12
Let k(u) = -1 + 10*u - u**3 - 3*u + 4 + 5*u**2 + 1. Let v be k(6). What is the greatest common divisor of 100 and v?
10
Suppose 2*u = 3*u - 115. Let s = 349 - u. Calculate the greatest common factor of 26 and s.
26
Suppose 3*v - 10 = 5. Let w = -3 + v. Suppose -20 = -2*n + j, -5*j - 4 = n - 14. Calculate the highest common divisor of w and n.
2
Suppose 3*l = -o + 15, -2*o + 3*o = -2*l + 14. Calculate the greatest common factor of o and 66.
6
Let c = -46 + 70. Calculate the greatest common divisor of 12 and c.
12
Let k = -11 + 47. Calculate the greatest common factor of k and 24.
12
Suppose 4*f - 16 = 3*p - 2*p, 2*p - f = 3. What is the highest common divisor of 1 and p?
1
Let u(j) = -j**2 - 14*j - 13. Let g be u(-12). Calculate the greatest common factor of g and 44.
11
Let h be 1*(34 - 3*4/12). Calculate the highest common factor of 3 and h.
3
Suppose 4*y + 26 = 122. What is the highest common divisor of 240 and y?
24
Let l = -33 + 46. What is the greatest common divisor of 13 and l?
13
Let v = 39 - 24. What is the highest common factor of v and 120?
15
Let v(c) = 5*c - 2. Let q(k) = -k**2 + 4*k - 1. Let m(a) = -3*q(a) + 2*v(a). Let t be m(-1). What is the greatest common factor of 6 and t?
2
Suppose 7 = i - 4*j, 3*i - i - 4*j - 14 = 0. What is the highest common factor of 7 and i?
7
Suppose -3*y - 360 = -9*y. Let o(r) = r**3 + r**2 + 15. Let j be o(0). What is the highest common divisor of j and y?
15
Let k(m) = -6*m**2 - 2*m + 4. Let q be k(2). Let u be (-30)/(4/(q/3)). What is the greatest common factor of 24 and u?
12
Let b(u) be the first derivative of 3*u**3 - 3*u**2 + u + 6. Let j be b(4). Calculate the highest common factor of 11 and j.
11
Let p be (-408)/(-17)*(2 - (-2)/(-6)). What is the highest common divisor of 60 and p?
20
Let p = -4 - -14. Suppose j - 6*j + 10 = 0. Calculate the greatest common divisor of p and j.
2
Let c be -1*1 + 1*32. Suppose 2*i - 6*i = -76. Let n = c - i. Calculate the highest common factor of 18 and n.
6
Let r = 5 - 2. Let k = 12 + -8. Suppose -6 = -k*b - 3*w + 63, -3*w = -4*b + 75. What is the highest common divisor of r and b?
3
Let j(v) = 44*v + 1. Let s be j(1). Let h(q) = 20*q**2 - 2*q - 1 + 2 - q**2. Let m be h(1). Calculate the greatest common divisor of m and s.
9
Let u = -17 + 33. Calculate the greatest common factor of 2 and u.
2
Let d(t) = -53*t - 3. Let z be d(-1). Calculate the greatest common divisor of z and 10.
10
Suppose 4*v = 3*i - 1 - 46, i - 9 = 3*v. What is the highest common factor of 189 and i?
21
Let b(v) = v**2 - 6*v + 6. Let c be b(7). Calculate the highest common divisor of c and 117.
13
Let d(q) be the first derivative of 10*q**2 - 4*q + 1. Let i be d(5). Suppose z - i = -z. Calculate the highest common divisor of 6 and z.
6
Let y(b) = -12*b - 1. Let a be y(-2). Suppose -j + a + 2 = 0. Calculate the highest common factor of j and 5.
5
Let h be 1 - ((-30)/4)/(-5)*-14. What is the greatest common divisor of 22 and h?
22
Let l(z) be the first derivative of 11*z**2 + 8*z + 3. Let k be l(7). What is the greatest common divisor of 18 and k?
18
Suppose 31 = 2*b + d, -2*b + 6*b - 63 = -3*d. Let k be (5/2)/((-7)/(-42)). What is the highest common divisor of b and k?
15
Suppose 75 = 4*c - 93. Let u be 18/(-4)*(-28)/6. Calculate the highest common divisor of u and c.
21
Let o be ((-418)/(-4))/(1/2). Let t(u) = u**2 - 6*u - 10. Let d be t(7). Let l be (19/d)/((-3)/9). What is the greatest common factor of o and l?
19
Suppose -5*s + 29 = -4*x - 171, 4*s - 5*x = 160. Suppose 4*t - 60 = 8*t. Let c = -10 - t. Calculate the greatest common factor of s and c.
5
Let c = -11 - -25. What is the greatest common factor of 98 and c?
14
Let h be 8/(-3)*183/4. Let p be h/(-2) - (3 + -5). Let z(x) = x + 21. Let w be z(0). What is the greatest common factor of p and w?
21
Let g(b) = 9*b**2 - 2*b - 4. Let n be g(-2). Calculate the highest common divisor of n and 27.
9
Suppose 27 = 6*j - 309. Calculate the greatest common divisor of 84 and j.
28
Let v = 23 - 4. Calculate the greatest common divisor of v and 209.
19
Suppose 3*g - 38 = 4*s, -5*g + 0*s + 35 = -s. Suppose 11 = -5*m - 44. Let o = -9 - m. Calculate the highest common divisor of o and g.
2
Let s be (-28)/70 - (0 - (-34)/(-10)). What is the highest common factor of s and 27?
3
Suppose 5*y = 3*u - 2, u - 4*y = -10 - 1. Let f(s) = 2*s - 2. Let b be f(u). Suppose 2*g = -3*g + 400. Calculate the highest common factor of b and g.
16
Suppose 3*l = 2*l + 26. Calculate the greatest common factor of 13 and l.
13
Let h = -5 + 7. Suppose 2*o - 76 = -3*g + 6*o, 24 = h*g + 4*o. Let j = -94 + 144. Calculate the highest common factor of g and j.
10
Let w(j) = j**3 - 5*j**2 - 3*j - 8. Let o be w(6). Let f = 6 + o. Let a(h) = 143*h**3 + 2*h - 1. Let l be a(1). Calculate the highest common factor of f and l.
16
Let i be (-5)/(4 - (2 + 3)). Let t be (-2)/2 - -1 - -40. What is the highest common divisor of i and t